**2. Determine w(-4).
-8
Let l(o) = o**3 + 5*o**2 + o - 3. Let c be 119/6 + 3/18. Suppose c = -p - 3*p. Calculate l(p).
-8
Let b(c) = -2 + 4*c + c + 1 - c**2 + 7. Determine b(6).
0
Let u(g) = 2*g**2 - g - 1. Let b be u(0). Let x(n) = 8*n**2 - 1. What is x(b)?
7
Let f(t) = 9*t - 23*t - 37*t. Let n(v) = -10*v. Let r(z) = 4*f(z) - 21*n(z). Calculate r(1).
6
Let i(k) = -8*k - 5. Let z(d) = -4*d - 4 - 2*d - d. Let r(u) = 6*i(u) - 7*z(u). Let w be (1 + (-3)/(-9))*3. Give r(w).
2
Let l(z) = 2*z**2 - 3*z + 2. Suppose -1 - 20 = -7*m. Give l(m).
11
Let w be 330/33 + 8/(-2). Let h(k) be the first derivative of k**2/2 - 2*k + 1. Calculate h(w).
4
Let w(k) = 3*k**3 - 8*k**2 - 4*k. Let s(b) = 5*b**3 - 15*b**2 - 7*b + 1. Let c(i) = 4*s(i) - 7*w(i). Let q be (-3)/6 + (-10)/4. Give c(q).
-5
Let n(z) = -3*z - 7. Let u be n(-5). Let w(s) = -6*s + 3*s + 6 - u. Let c(p) = -8*p - 5. Let v(i) = -4*c(i) + 11*w(i). What is v(-6)?
4
Let d(v) be the first derivative of 3*v**2/2 + 4. What is d(3)?
9
Let d(l) = l**3 + 6*l**2 + 3*l + 4. Suppose -15 = 2*j - i, -7*i + 12 = -3*i. Calculate d(j).
-14
Suppose -2*b = 4*b - 42. Let f(r) = -r + 4. Determine f(b).
-3
Let a(d) be the third derivative of d**6/120 + d**5/20 + d**4/8 - d**3/2 - 3*d**2. Calculate a(-3).
-12
Suppose -4*b + 5*f = -5*b - 14, -3*b - 9 = 4*f. Let m(o) = o**3 - 2*o + 1. Give m(b).
0
Suppose 0 = 4*q + 3*n - 20, -4*q = -9*q + 4*n - 6. Let z(m) = -m**2 + 2*m. Determine z(q).
0
Let w(g) = 8*g**2 + 3*g + 2. Let l(h) = 9*h**2 + 4*h + 2. Let v(j) = -3*l(j) + 4*w(j). Calculate v(2).
22
Let b(c) be the second derivative of -2*c + 1/2*c**4 + 0*c**3 + 0 + 0*c**2. Let g = -9 + 8. Give b(g).
6
Let r(k) = -k - 7. Suppose 3*o + 0*o = 15. Suppose 5 = -5*s + o*f - 0, s + 3*f = -17. What is r(s)?
-2
Let o = 4 + -1. Let k = 0 - -2. Let s(h) = 2*h**k + 3 + h**3 + 0*h - 6*h**2 + o*h. Calculate s(3).
3
Let h(y) = 9*y**2 + 8*y + 4. Let n(j) = -j**2 - 2*j - 1. Let b(x) = -h(x) - 5*n(x). Suppose 5*w + 5*a = 20, a = 4 + 1. Calculate b(w).
-5
Let f(s) = 5*s - 5 + 8*s**2 + 1 + 0 + s**3. What is f(-7)?
10
Let k be (9/(-4))/3*-4. Let h(z) = -z**3 + 4 + 8*z - 4*z**k + z**3 + 7*z**2 + 3*z**3. Give h(8).
4
Let j(t) be the second derivative of t**5/30 - t**4/24 - t**3/3 - 5*t**2/2 - 6*t. Let q(o) be the first derivative of j(o). Give q(2).
4
Let x(v) = v**3 + v**2 + 5*v - 2. Let j(i) = -i**2 - i. Let f(m) = -4*j(m) - x(m). Determine f(3).
-1
Let d(t) = -t + 2. Let z be d(0). Suppose -f + 3*j = j - z, 2*j + 2 = 4*f. Suppose f*v = v. Let c(n) = -n**3 + n**2 + n + 4. Give c(v).
4
Suppose -3*u + 4*x - 17 = 0, -4*u - 3 - 8 = -3*x. Let z(p) = 9*p**2. Determine z(u).
9
Let f(m) = -3*m**3 + 2*m**2 - 1. Let a = 3 + -2. Determine f(a).
-2
Suppose 0 = 5*h - 11 - 19. Let n(f) = -5*f + 2. Calculate n(h).
-28
Suppose -4 = -0*i - 4*i. Let j(c) = -4*c - 4*c - 1 + 6*c + 3*c. What is j(i)?
0
Let s = -17 + 18. Let n(w) = -3*w**3 + w**2 - 1. What is n(s)?
-3
Let v(p) = -6*p**2 - 23*p + 23. Let i(s) = 2*s**2 + 8*s - 8. Let j(q) = 17*i(q) + 6*v(q). Give j(-2).
-2
Let h = -13 - -19. Let v(k) = 4 - k + 0 - h. Determine v(-2).
0
Let a(q) = q + 10. Let d be a(-13). Let t(n) = n**3 + 2*n**2 - 2. Give t(d).
-11
Let p(x) = 2*x**2 - 2*x + 189 - 187 - 4*x**2 + x**3. Determine p(3).
5
Let o be (-5)/(-1) - (1 - 1). Let u(j) = j - o*j**2 - j + j**3 + 3*j. Let t = -1 + 4. What is u(t)?
-9
Let i(x) = x**3 - 5*x**2 + 2*x - 2. Let w be 18/6*(-2)/2. Let t be 0 + 1 - (w - -2). Determine i(t).
-10
Let a(i) = 7*i**3 + 6*i**2 - 14*i - 1. Let y(g) = g**3 - g + 1. Let z(m) = -a(m) + 6*y(m). Give z(-7).
0
Let r(a) = a**2 - a - 6. Let l be r(2). Let c(w) = -5*w + 0*w - w**2 + 2 + 0*w. Give c(l).
6
Suppose 0 = -3*f - f + 12. Let s(c) = -137*c + 3 - c**2 - 4*c**2 + c**f + 140*c. Let x be (-3)/(((-3)/(-4))/(-1)). What is s(x)?
-1
Let z(b) = 2. Let h(l) = l + 5. Let c = 2 + 1. Let j(g) = c*h(g) - 8*z(g). Let o(m) = -5*m - 36. Let w be o(-7). What is j(w)?
-4
Let n(a) = a**2 - 6*a + 2. Let v be n(6). Suppose -i = -3 - v. Let y(l) be the second derivative of -l**5/20 + l**4/2 - 2*l**3/3 + l**2 + 2*l. Calculate y(i).
7
Let f(o) = 4*o + 2. Let x be (-6)/(-2) + 6 + -4. Suppose t - s - 2 = 4*t, 20 = x*s. Determine f(t).
-6
Let j(w) = w**3 + 3*w**2 - w + 3. Suppose -4*b = -5*b + 4. Suppose -b = -h - 7. Calculate j(h).
6
Suppose 0 = -0*q + 2*q + l - 2, -2*q - 6 = 5*l. Let z(n) = -n**2 + 2*n + 1. What is z(q)?
1
Let q(y) = -4*y**2 + y - 4*y + y**3 + 1 + 0*y + 2. Let b = -23 + 26. What is q(b)?
-15
Let j(o) = 2*o - 2. Let s(u) = -5*u + 6. Let g(v) = -8*j(v) - 3*s(v). What is g(-2)?
0
Let m = 50 - 9. Suppose m = -5*x - 4*b, 2*x + b = 4*b + 2. Let j(l) = -l**3 - 6*l**2 - 3*l + 2. Determine j(x).
-8
Let b(n) be the second derivative of n**5/120 + 5*n**4/24 - n**3/2 - 5*n. Let u(v) be the second derivative of b(v). Give u(-7).
-2
Let c(d) = 33 + 10*d**2 - 9*d**2 - 30 - 6*d. Let h(i) = -i**2 + 4*i + 1. Let q be h(2). Determine c(q).
-2
Let s be (10/4 - 2)*0. Let b(r) be the second derivative of -r**4/12 + 3*r**2 - r. Calculate b(s).
6
Let w(z) be the second derivative of z**5/20 + z**4/3 + z**3/2 + 3*z**2/2 + 7*z. Determine w(-3).
3
Let n(g) = -g**3 - 4*g**2 - 2*g + 3. Let p(b) = -b**3 + 5*b**2 + 2*b - 4. Let v be p(5). Let i = 18 - v. Suppose -5*h - i = -h. Calculate n(h).
0
Let o(c) = c - 12*c**3 - 7 + c**2 - 2 + 8. Give o(1).
-11
Suppose -2*u - 7*w = -2*w - 22, u - 3*w + 11 = 0. Suppose -5*d - 30 = -3*y, -d + 3 - 1 = y. Let n(q) = -2*q + y*q + 0*q. What is n(u)?
3
Let a(g) be the first derivative of -2*g**2 - 9. What is a(-2)?
8
Let g = -11 - -13. Let z(v) = -v**3 + v**2 + 2*v - 3. Calculate z(g).
-3
Let x(z) be the third derivative of -z**4/24 - z**3 - 3*z**2. Let i(f) = -f**3 - 5 + 3*f**2 + 1 + 0. Let m be i(3). Give x(m).
-2
Suppose 2*u = -f - 10, -14 = -4*f + 5*u - 2. Let h(l) = -1 + 2*l - 3*l + 1. Let q(r) = r**2 - 5*r - 2. Let z(v) = -4*h(v) + q(v). Determine z(f).
4
Let f(z) = z. Let r(a) = -a**3 + 3*a**2 + 4*a - 3. Let h be r(4). Determine f(h).
-3
Let y(v) be the first derivative of 4*v**2 - v - 2. Give y(-3).
-25
Let k(c) = c**3 + 4*c**2 - 5. Suppose 2*h - 34 = -10. Suppose -4*j - h - 4 = 0. Calculate k(j).
-5
Let h(t) = -6*t + 1. Let k(n) = -n. Let s(u) = h(u) - 4*k(u). Let z = 7 - 2. What is s(z)?
-9
Let w(j) be the third derivative of -j**4/6 + j**3/2 - 14*j**2 + 1. Determine w(3).
-9
Suppose -7*c + 14 + 14 = 0. Let b(y) = 2*y + 5. Calculate b(c).
13
Suppose 5*q - 20 = 30. Suppose -q + 4 = -2*k. Let n(d) = d + 3*d**2 + 10 - k*d**2 - d**3 + 0*d. What is n(0)?
10
Let v(m) = m**3 - 39*m**2 + 2*m + 44*m**2 + 4 + 4*m. Determine v(-4).
-4
Suppose -3*h = -4*d - h - 6, h = d. Let s(m) = -m**2 - 4*m - 4. Give s(d).
-1
Let l(n) = -n**3 - 5*n**2 - 4*n + 2. Let v(g) = 8*g. Let d be v(1). Suppose d = -4*s - 8. Give l(s).
2
Let u(a) = -2*a - 12. Let o be u(-9). Let l = o + -1. Let h(q) = -q**2 + 6*q - 1. Calculate h(l).
4
Let g(u) = -u - 10. Suppose 0 = -7*b - 148 + 71. Calculate g(b).
1
Suppose h = -3*y + 5, 0 = -4*y + h + 4*h + 32. Let x(b) = -y*b - 3*b + b + b. Let g be ((-3)/(-2))/(3/4). What is x(g)?
-8
Let g be 3/8*(-6)/(-54)*6. Let y(w) be the first derivative of 1/3*w**3 + 1/2*w**2 - 3 - g*w**4 + 5*w. Calculate y(0).
5
Let l(f) = -2*f**2 + f. Let i be l(1). Let w(o) = 19*o**2 + 1. Determine w(i).
20
Let v(i) = -i**2 + 4. Let o = 11 + -14. Let z(w) = w**2 + w - 2. Let f be z(o). Give v(f).
-12
Suppose 0 = 3*s + 15, 0 = -0*h - 2*h + 4*s + 44. Let c(d) = -d**2 + 12*d + 5. Give c(h).
5
Let k(t) = -t**2 + t - 8. Let m be (8/6)/((-3)/9). Let z = m - -4. Determine k(z).
-8
Let w(p) = 5*p**3. Let m(t) = t**3 - t**2 - 2*t. Let s be m(-2). Let a = -13 - s. Let h be -3 + 0 - (a + 3). Give w(h).
-5
Let p(i) = -i + 5. Suppose b - 2*b = -3*b. What is p(b)?
5
Let n(j) = 11*j - 19. Let u(d) = 5*d - 9. Let s(v) = -3*n(v) + 7*u(v). Give s(4).
2
Let d be 4 - 1 - (-3 + 4). Let o(i) = -15*i**2 + 22*i**d - 1 + 2 + 6*i**2 + 2*i. What is o(-1)?
12
Let d(v) = -3 - 7*v + 11 + 3*v**2 - 4*v**2 + 0*v**2. Determine d(-7).
8
Let s(b) be the first derivative of 2*b**3/3 + 3*b**2/2 - 3*b + 1. Let i(f) = -2*f + 11. Let a be i(7). Calculate s(a).
6
Let o(u) be the third derivative of u**6/120 - u**5/12 - 7*u**3/6 - 19*u**2. Determine o(5).
-7
Let i(b) = 5 - 4*b - 9 + 5*b. Calculate i(5).
1
Let k be (6/4)/(6/8). Suppose 0 = -k*